tors of 13014923.
13014923
List the prime factors of 525547.
11, 47777
What are the prime factors of 275881?
275881
What are the prime factors of 2177943?
3, 725981
What are the prime factors of 2210629?
17, 109, 1193
List the prime factors of 1002417.
3, 13, 25703
List the prime factors of 1379348.
2, 419, 823
List the prime factors of 1077167.
7, 13, 19, 89
List the prime factors of 823602.
2, 3, 13, 10559
List the prime factors of 13805722.
2, 7, 83, 109
What are the prime factors of 34074737?
83, 353, 1163
What are the prime factors of 12869228?
2, 3217307
List the prime factors of 4457647.
19, 234613
What are the prime factors of 1264793?
23, 127, 433
What are the prime factors of 167288?
2, 11, 1901
List the prime factors of 21904.
2, 37
What are the prime factors of 7457040?
2, 3, 5, 10357
List the prime factors of 19403961.
3, 1471, 4397
List the prime factors of 256561.
256561
What are the prime factors of 3494256?
2, 3, 72797
What are the prime factors of 1606191?
3, 61, 67, 131
What are the prime factors of 641437?
641437
List the prime factors of 27758688.
2, 3, 17, 73, 233
What are the prime factors of 2508862?
2, 149, 8419
What are the prime factors of 350914?
2, 17, 10321
What are the prime factors of 1052712?
2, 3, 14621
What are the prime factors of 8584343?
8584343
What are the prime factors of 626389?
626389
List the prime factors of 95769.
3, 3547
List the prime factors of 244101.
3, 11, 13, 569
List the prime factors of 12946675.
5, 7, 167, 443
List the prime factors of 221322.
2, 3, 36887
List the prime factors of 102773.
11, 9343
List the prime factors of 416263.
416263
What are the prime factors of 590601?
3, 11, 1627
List the prime factors of 513253.
13, 3037
List the prime factors of 2661836.
2, 23, 28933
List the prime factors of 4726583.
4726583
List the prime factors of 3593783.
17, 179, 1181
What are the prime factors of 1486908?
2, 3, 103, 401
List the prime factors of 2972917.
113, 26309
List the prime factors of 2149783.
59, 83, 439
What are the prime factors of 101036?
2, 13, 29, 67
List the prime factors of 4653145.
5, 7, 132947
What are the prime factors of 13111965?
3, 5, 291377
What are the prime factors of 78562?
2, 11, 3571
List the prime factors of 1456182.
2, 3, 7, 13, 127
List the prime factors of 823098.
2, 3, 137183
List the prime factors of 3017519.
3017519
List the prime factors of 346888.
2, 131, 331
List the prime factors of 21251448.
2, 3, 23, 41, 313
List the prime factors of 1142655.
3, 5, 17, 4481
What are the prime factors of 12948353?
11, 67, 17569
List the prime factors of 1566321.
3, 37, 103, 137
What are the prime factors of 296356?
2, 43, 1723
List the prime factors of 516395.
5, 11, 41, 229
What are the prime factors of 3091574?
2, 29, 151, 353
What are the prime factors of 3078341?
7, 439763
List the prime factors of 5326900.
2, 5, 53269
What are the prime factors of 2920143?
3, 41, 23741
List the prime factors of 1524517.
1524517
What are the prime factors of 21170183?
79, 173, 1549
What are the prime factors of 7309104?
2, 3, 11, 109, 127
What are the prime factors of 102619?
11, 19, 491
What are the prime factors of 153070?
2, 5, 15307
List the prime factors of 55309.
19, 41, 71
What are the prime factors of 32129?
19, 89
What are the prime factors of 101130?
2, 3, 5, 3371
What are the prime factors of 480689?
11, 89, 491
What are the prime factors of 531967?
23, 101, 229
List the prime factors of 1014558.
2, 3, 169093
List the prime factors of 5314748.
2, 23, 41, 1409
List the prime factors of 198292.
2, 89, 557
What are the prime factors of 1007738?
2, 503869
What are the prime factors of 1904227?
13, 29, 5051
What are the prime factors of 1417047?
3, 472349
List the prime factors of 4487934.
2, 3, 11, 53, 1283
What are the prime factors of 69565?
5, 13913
List the prime factors of 5371657.
5371657
List the prime factors of 12438827.
12438827
List the prime factors of 212875.
5, 13, 131
List the prime factors of 590543.
590543
List the prime factors of 398365.
5, 11, 7243
List the prime factors of 35964.
2, 3, 37
What are the prime factors of 7143698?
2, 3571849
List the prime factors of 15037243.
13, 1156711
List the prime factors of 239833.
11, 21803
What are the prime factors of 203734?
2, 23, 43, 103
List the prime factors of 253851.
3, 13, 23, 283
What are the prime factors of 92265?
3, 5, 6151
List the prime factors of 4702390.
2, 5, 7, 11, 31, 197
List the prime factors of 310379.
310379
List the prime factors of 3396451.
29, 117119
What are the prime factors of 173194?
2, 7, 89, 139
List the prime factors of 1533226.
2, 23, 33331
What are the prime factors of 257035?
5, 51407
What are the prime factors of 4429973?
37, 67, 1787
What are the prime factors of 1116972?
2, 3, 19, 23, 71
What are the prime factors of 73005?
3, 5, 31, 157
What are the prime factors of 48047?
23, 2089
List the prime factors of 245276.
2, 17, 3607
What are the prime factors of 5432968?
2, 23, 29527
What are the prime factors of 2508942?
2, 3, 418157
What are the prime factors of 574921?
19, 30259
What are the prime factors of 274806?
2, 3, 7, 727
List the prime factors of 16120.
2, 5, 13, 31
What are the prime factors of 162803?
71, 2293
List the prime factors of 5916452.
2, 1479113
What are the prime factors of 6593339?
103, 64013
What are the prime factors of 8910432?
2, 3, 10313
List the prime factors of 155266.
2, 29, 2677
What are the prime factors of 148153?
148153
List the prime factors of 575621.
23, 29, 863
List the prime factors of 8122733.
8122733
What are the prime factors of 238473?
3, 26497
List the prime factors of 3982054.
2, 1991027
What are the prime factors of 899395?
5, 7, 3671
List the prime factors of 1160385.
3, 5, 77359
List the prime factors of 34816394.
2, 131, 132887
What are the prime factors of 209601?
3, 7, 1109
What are the prime factors of 132995?
5, 67, 397
What are the prime factors of 425685?
3, 5, 13, 37, 59
List the prime factors of 19612245.
3, 5, 1307483
List the prime factors of 5046883.
5046883
List the prime factors of 18394936.
2, 7, 328481
List the prime factors of 1908292.
2, 477073
List the prime factors of 233826.
2, 3, 38971
What are the prime factors of 221289?
3, 17, 4339
List the prime factors of 4982642.
2, 7, 37, 9619
List the prime factors of 3049108.
2, 762277
List the prime factors of 2216266.
2, 13, 79, 83
What are the prime factors of 2456132?
2, 7, 87719
List the prime factors of 4079337.
3, 17, 79987
List the prime factors of 643867.
7, 59, 1559
What are the prime factors of 16278585?
3, 5, 193, 5623
List the prime factors of 1185321.
3, 395107
List the prime factors of 687239.
7, 31, 3167
What are the prime factors of 1655041?
1021, 1621
List the prime factors of 229763.
229763
What are the prime factors of 30261453?
3, 149, 67699
List the prime factors of 13783.
7, 11, 179
List the prime factors of 67530.
2, 3, 5, 2251
List the prime factors of 1944452.
2, 101, 4813
What are the prime factors of 8553705?
3, 5, 19, 30013
What are the prime factors of 37335201?
3, 12445067
What are the prime factors of 10436786?
2, 439, 11887
What are the prime factors of 6346288?
2, 13, 2347
List the prime factors of 5804532.
2, 3, 161237
What are the prime factors of 5302659?
3, 1767553
What are the prime factors of 227031?
3, 7, 19, 569
List the prime factors of 19878231.
3, 6626077
What are the prime factors of 293784?
2, 3, 12241
What are the prime factors of 1414372?
2, 347, 1019
List the prime factors of 459452.
2, 7, 61, 269
What are the prime factors of 270443?
270443
What are the prime factors of 108979?
13, 83, 101
List the prime factors of 2537601.
3, 11, 131, 587
List the prime factors of 736381.
736381
List the prime factors of 266571.
3, 1097
List the prime factors of 490645.
5, 98129
What are the prime factors of 11630985?
3, 5, 23, 33713
What are the prime factors of 342703?
17, 19, 1061
List the prime factors of 1644384.
2, 3, 7, 2447
What are the prime factors of 1350492?
2, 3, 11, 13, 787
What are the prime factors of 1165991?
1165991
List the prime factors of 5349347.
67, 79841
List the prime factors of 39693697.
39693697
What are the prime factors of 14732217?
3, 17, 96289
What are the prime factors of 301776?
2, 3, 6287
What a